hat is 0 + 1020?
1020
In base 8, what is 21 - 711?
-670
In base 2, what is 1101 + -10100?
-111
In base 4, what is -10201131 + -10?
-10201201
In base 2, what is 11 - 1111010000?
-1111001101
In base 16, what is -eb64 + -4?
-eb68
In base 2, what is -11 + -10101000?
-10101011
In base 8, what is 55 - 0?
55
In base 6, what is -5 - -3035?
3030
In base 15, what is ac - 3d?
6e
In base 16, what is -22 + 187?
165
In base 6, what is -4 + 1121?
1113
In base 13, what is 5 + 1710?
1715
In base 14, what is 5 - -7d?
84
In base 3, what is -11 + 10021?
10010
In base 3, what is 100 + 10?
110
In base 13, what is -3 - 129?
-12c
In base 12, what is 7 - 5?
2
In base 16, what is -19e + -c?
-1aa
In base 6, what is 11 + -41?
-30
In base 6, what is 2 - 10000?
-5554
In base 13, what is 2 + -ab?
-a9
In base 11, what is -110 + -3?
-113
In base 2, what is 10010 + 10010?
100100
In base 4, what is 21 - 10100?
-10013
In base 6, what is -22 - -2423?
2401
In base 2, what is 100001011110 + -110?
100001011000
In base 3, what is 2101 - 11?
2020
In base 10, what is -690 + -4?
-694
In base 15, what is 1 + 9d?
9e
In base 6, what is -13 - 23?
-40
In base 14, what is 33d + 4?
343
In base 16, what is c2 - 1?
c1
In base 6, what is -33 + 412?
335
In base 10, what is 10 + -631?
-621
In base 2, what is 1000000011 - -1?
1000000100
In base 16, what is -4 + -4ea?
-4ee
In base 5, what is -423 - -2?
-421
In base 14, what is 22 + -5?
1b
In base 8, what is 53 + 3?
56
In base 9, what is -1 + 3853?
3852
In base 7, what is 123 - 4?
116
In base 6, what is 15215 + -4?
15211
In base 4, what is -3 - 202?
-211
In base 15, what is 163 - 5?
15d
In base 16, what is -1 + 254?
253
In base 4, what is 0 - -101232?
101232
In base 13, what is -3 + -132?
-135
In base 9, what is 4 + 1101?
1105
In base 7, what is 5 - -2?
10
In base 16, what is 2b - 9?
22
In base 7, what is -364 + -1?
-365
In base 11, what is -6599 - 1?
-659a
In base 3, what is 1110200 + 121?
1111021
In base 2, what is -1011011 - -101?
-1010110
In base 14, what is 4 - -12?
16
In base 7, what is -23 - 24?
-50
In base 13, what is 0 - 4a9?
-4a9
In base 13, what is -18 - -13?
-5
In base 14, what is 23 + -260?
-23b
In base 6, what is 4 - -1153?
1201
In base 15, what is 6 - c1?
-ba
In base 16, what is -2c + -8?
-34
In base 7, what is -234 - 1?
-235
In base 4, what is -12012 + -10?
-12022
In base 4, what is -1103022 + 0?
-1103022
In base 3, what is 1100 - 102?
221
In base 11, what is -6 + -378?
-383
In base 15, what is -3 + c7d?
c7a
In base 6, what is 10023 + 3?
10030
In base 10, what is 2 - 174?
-172
In base 11, what is -102 + -5?
-107
In base 16, what is -2f + 16d?
13e
In base 10, what is -7 + 1867?
1860
In base 10, what is -988 - 1?
-989
In base 8, what is -37 - -464?
425
In base 8, what is -1 + -63?
-64
In base 10, what is -228 + -1?
-229
In base 8, what is -3 - 165?
-170
In base 13, what is 6 - -a1?
a7
In base 10, what is 922 - 4?
918
In base 12, what is 5 + -75?
-70
In base 5, what is -4 + 10233?
10224
In base 11, what is -21 - 490?
-501
In base 11, what is -6 + -a8?
-103
In base 6, what is -5 - -1452?
1443
In base 5, what is 11403 + -1?
11402
In base 12, what is 5b + -96?
-37
In base 14, what is 5 - 3ad?
-3a8
In base 10, what is 26 - 25?
1
In base 2, what is -1100010011 + 1?
-1100010010
In base 15, what is 3 + 1a5?
1a8
In base 2, what is 110 - -11101010?
11110000
In base 15, what is -2 + 77?
75
In base 7, what is 1 + 312?
313
In base 10, what is 207 + -5?
202
In base 2, what is -100100001010 - -100?
-100100000110
In base 9, what is 6 + -700?
-683
In base 3, what is 20012 + 1110?
21122
In base 6, what is 4 + -11240?
-11232
In base 10, what is -1 + -144?
-145
In base 15, what is -3 + -4d?
-51
In base 11, what is -1 - -1732?
1731
In base 8, what is 5 - -65?
72
In base 8, what is -7 - -7?
0
In base 6, what is -153 + 10?
-143
In base 8, what is 615 + 4?
621
In base 8, what is 1 - -26?
27
In base 5, what is 14 - -221?
240
In base 11, what is 19 - -446?
464
In base 8, what is -5 + 472?
465
In base 11, what is -18 + 3?
-15
In base 3, what is -2 - 1220111?
-1220120
In base 3, what is -110 + 2111?
2001
In base 8, what is 74 + 1?
75
In base 4, what is -1002 - -20?
-322
In base 9, what is 126 - 0?
126
In base 4, what is -310 + 222?
-22
In base 13, what is -373 + 0?
-373
In base 14, what is -92 - b?
-9d
In base 10, what is -1372 - -4?
-1368
In base 8, what is 6503 + -5?
6476
In base 8, what is -7 - 2261?
-2270
In base 16, what is 50 + 11?
61
In base 12, what is -5 + 9?
4
In base 11, what is -4a - 17a?
-219
In base 9, what is -1 + 40?
38
In base 16, what is 1 + 6c?
6d
In base 11, what is 1787 - 5?
1782
In base 9, what is 83 + 20?
113
In base 12, what is -1 - 71a?
-71b
In base 14, what is 2 - -c64?
c66
In base 9, what is 17 + 12?
30
In base 3, what is 11 + -100022?
-100011
In base 11, what is 7a - -17?
96
In base 16, what is -1950 - 5?
-1955
In base 4, what is -3 - 33?
-102
In base 10, what is 5 + -73?
-68
In base 5, what is -10 - 1003?
-1013
In base 10, what is -154 - 14?
-168
In base 11, what is 3 + -132?
-12a
In base 8, what is 1 - 20?
-17
In base 2, what is 101 - -1?
110
In base 11, what is -78 - 5?
-82
In base 3, what is -222122 + 22?
-222100
In base 4, what is -10 + -312312?
-312322
In base 15, what is -285 + -6?
-28b
In base 4, what is 10 - 20101?
-20031
In base 2, what is 1000010 - -1010111?
10011001
In base 4, what is -231131 - 3?
-231200
In base 7, what is 4 - 11?
-4
In base 6, what is -3050 + -5?
-3055
In base 8, what is -342 - 34?
-376
In base 2, what is 1000101 - -11?
1001000
In base 10, what is 228 + 4?
232
In base 4, what is 2 - -3302?
3310
In base 9, what is -4 - -1677?
1673
In base 12, what is -308 + -a?
-316
In base 13, what is -2 - 11?
-13
In base 11, what is -23 + 0?
-23
In base 8, what is 7 - 105?
-76
In base 3, what is -22 - 22?
-121
In base 6, what is 30 - -1554?
2024
In base 6, what is -4 - 13015?
-13023
In base 12, what is -6 + -6?
-10
In base 7, what is -4 + 1113?
1106
In base 7, what is -1 + 400?
366
In base 16, what is -3 + -166?
-169
In base 16, what is 1 - -23d?
23e
In base 16, what is -3 + c09?
c06
In base 12, what is -62 + 3?
-5b
In base 8, what is 43 - -2?
45
In base 5, what is -10 - 230?
-240
In base 12, what is 41 + -325?
-2a4
In base 12, what is -7 + 593?
588
In base 9, what is 18 - 306?
-277
In base 13, what is -111 + -2?
-113
In base 16, what is -6 - -1a?
14
In base 15, what is 1d5 - 5?
1d0
In base 14, what is -264 - -1?
-263
In base 2, what is 0 - -101011101?
101011101
In base 14, what is 215 - -6?
21b
In base 8, what is -725 + 5?
-720
In base 6, what is -210 + -10?
-220
In base 11, what is 5 + -49?
-44
In base 12, what is 6 + -a14?
-a0a
In base 14, what is 1a2 - -2?
1a4
In base 14, what is 11 - -212?
223
In base 9, what is 6 - -22?
28
In base 11, what is a - 238?
-229
In base 3, what is 102 - 100221?
-100112
In base 11, what is -38 + 5?
-33
In base 2, what is 1 - -111000?
111001
In base 6, what is 224 - 13?
211
In base 13, what is -1 - 128?
-129
In base 11, what is 5 - 48a?
-485
In base 5, what is 33 + 230?
313
In base 11, what is 1792 - 6?
1787
In base 7, what is -403 - -3?
-400
In base 13, what is 1c - 3?
19
In base 6, what is 141 + -2022?
-1441
In base 4, what is -102213 + 13?
-102200
In base 12, what is 27 + 4b3?
51a
In base 3, what is 2212012 + 11?
2212100
In base 3, what is 1 - 100100?
-100022
In base 8, what is -317 - 76?
-415
In base 3, what is -120 + -10000100?
-10000220
In base 2, what is 10101011 + 11?
10101110
In base 13, what is 3 + -15?
-12
In base 10, what is -5 - -766?
761
In base 7, what is -4 - -363?
356
In base 15, what is 2 - 8d3?
-8d1
In base 10, what is -2 + -105?
-107
In base 12, what is -54 + -1?
-55
In base 9, what is 36 + 4?
41
In base 7, what is 43651 - -3?
43654
In base 2, what is -1011011 - -10?
-1011001
In base 13, what is 983 + 1?
984
In base 2, what is 11 - 110011110100?
-110011110001
In base 6, what is -5 - 3445?
-3454
In base 14, what is -20a + -5?
-211
In base 6, what is 44 - 2035?
-1551
In base 4, what is 13 - 3011?
-2332
In base 3, what is -12 - -110200?
110111
In base 10, what is -2407 + -1?
-2408
In base 15, what is 6 + -77d?
-777
In base 5, what is -10411 + -3?
-10414
In base 14, what is 3 + -59?
-56
In base 4, what is -12220 + -23?
-12303
In base 13, what is -a - ac7?
-b04
In base 2,